tor of 126224?
False
Is 87 a factor of 13485470?
False
Is 5390505 a multiple of 39?
False
Is 387 a factor of 4783707?
True
Is 34772 a multiple of 16?
False
Is 3468528 a multiple of 252?
True
Is 11 a factor of 668321?
False
Does 183 divide 1511031?
True
Does 11 divide 101651?
True
Is 31 a factor of 76322?
True
Is 102 a factor of 3721980?
True
Does 47 divide 4879822?
True
Does 121 divide 2402126?
False
Is 49 a factor of 1435636?
False
Is 30 a factor of 380850?
True
Does 580 divide 432518?
False
Does 34 divide 652929?
False
Is 401859 a multiple of 103?
False
Does 32 divide 2747993?
False
Is 51 a factor of 773238?
False
Is 41 a factor of 557716?
False
Is 1045047 a multiple of 368?
False
Is 2759580 a multiple of 6?
True
Does 18 divide 224028?
True
Does 13 divide 313569?
False
Is 173 a factor of 261230?
True
Is 22006176 a multiple of 264?
False
Is 91 a factor of 3306212?
True
Does 65 divide 552691?
False
Is 45 a factor of 18675?
True
Is 3 a factor of 115477?
False
Is 11 a factor of 17600?
True
Is 12 a factor of 995340?
True
Is 47 a factor of 201818?
True
Does 23 divide 18400?
True
Does 36 divide 3248652?
False
Is 449 a factor of 681924?
False
Is 152 a factor of 731576?
True
Is 40 a factor of 5953936?
False
Does 23 divide 16139?
False
Is 3034166 a multiple of 846?
False
Does 466 divide 1100462?
False
Does 106 divide 120517?
False
Is 7 a factor of 104918?
False
Is 7926120 a multiple of 1074?
True
Is 449 a factor of 14368?
True
Does 215 divide 7627528?
False
Is 1949 a factor of 26141953?
False
Does 16 divide 12007?
False
Does 137 divide 66445?
True
Does 1050 divide 577003?
False
Is 3243956 a multiple of 263?
False
Is 210198 even?
True
Is 17 a factor of 27127?
False
Does 5 divide 45010?
True
Does 406 divide 743210?
False
Does 116 divide 11838728?
True
Is 469046 a multiple of 412?
False
Is 128963 a multiple of 56?
False
Does 82 divide 4104592?
True
Is 926462 a multiple of 695?
False
Is 121794 a multiple of 293?
False
Is 6 a factor of 691776?
True
Is 4156054 a multiple of 182?
False
Does 10 divide 166220?
True
Is 610 a factor of 461770?
True
Is 1067 a factor of 611391?
True
Is 18 a factor of 6750450?
True
Is 48234 a multiple of 15?
False
Is 10 a factor of 18695595?
False
Does 1922 divide 31595758?
True
Is 9 a factor of 35883?
True
Is 315677 a multiple of 12?
False
Is 22 a factor of 22927300?
True
Is 5 a factor of 32420?
True
Is 201 a factor of 18517?
False
Is 106006 a multiple of 59?
False
Is 85904 a multiple of 413?
True
Is 9315161 a multiple of 13?
False
Does 34 divide 2580257?
False
Is 53 a factor of 103244?
True
Is 1216665 a multiple of 95?
True
Is 97669 a multiple of 12?
False
Is 13 a factor of 281021?
True
Is 140 a factor of 1539296?
False
Is 3 a factor of 11775?
True
Does 6 divide 5980842?
True
Is 19 a factor of 6028852?
True
Does 781 divide 1516702?
True
Is 1853696 a multiple of 26?
True
Is 123542 a multiple of 223?
True
Is 98642 a multiple of 43?
True
Is 4899625 a multiple of 30?
False
Is 52842 a multiple of 138?
False
Is 108160 a multiple of 80?
True
Does 55 divide 1355302?
False
Is 492925 a multiple of 4?
False
Does 82 divide 43542?
True
Is 290221 a multiple of 6?
False
Does 195 divide 83371?
False
Does 88 divide 1404480?
True
Does 179 divide 99937?
False
Does 184 divide 971399?
False
Is 173790 a multiple of 15?
True
Is 18446 a multiple of 47?
False
Does 299 divide 405712?
False
Is 9 a factor of 370458?
True
Is 18932826 a multiple of 55?
False
Is 48 a factor of 821712?
True
Is 10 a factor of 3744685?
False
Is 59 a factor of 352651?
False
Is 26 a factor of 741883?
False
Is 432085 a multiple of 71?
False
Does 250 divide 5488500?
True
Does 322 divide 6570696?
False
Is 267750 a multiple of 525?
True
Does 845 divide 2053350?
True
Is 23 a factor of 1869201?
False
Is 66 a factor of 174945?
False
Is 165 a factor of 594862?
False
Does 80 divide 1072720?
True
Is 219250 a multiple of 39?
False
Is 3880200 a multiple of 300?
True
Is 108280 a multiple of 69?
False
Is 1028896 a multiple of 37?
True
Does 2 divide 84465?
False
Is 198473 a multiple of 212?
False
Is 12 a factor of 296592?
True
Is 266 a factor of 8192736?
False
Is 8 a factor of 150128?
True
Is 392562 a multiple of 261?
False
Does 73 divide 76098?
False
Is 628836 a multiple of 834?
True
Is 106 a factor of 2204800?
True
Is 508326 a multiple of 57?
True
Does 4 divide 145290?
False
Does 332 divide 425956?
True
Does 13 divide 730215?
False
Is 386698 a multiple of 22?
False
Is 2320 even?
True
Is 47 a factor of 293069?
False
Is 228709 a multiple of 13?
True
Is 27 a factor of 5000130?
True
Is 475803 a multiple of 18?
False
Is 95729 a multiple of 116?
False
Is 3890251 a multiple of 81?
False
Is 1909612 a multiple of 423?
False
Does 123 divide 1621206?
False
Is 9 a factor of 59444?
False
Does 29 divide 1990563?
False
Is 693 a factor of 26347947?
False
Is 27 a factor of 145530?
True
Does 18 divide 30024?
True
Does 162 divide 15561882?
True
Is 1070 a factor of 513576?
False
Is 176 a factor of 595509?
False
Is 23 a factor of 13294?
True
Is 20 a factor of 6638120?
True
Is 4180225 a multiple of 673?
False
Does 139 divide 91601?
True
Does 7 divide 8460?
False
Is 3262120 even?
True
Does 899 divide 8320245?
True
Is 14 a factor of 433846?
True
Does 58 divide 163795?
False
Is 4 a factor of 74516?
True
Is 404 a factor of 5496420?
True
Is 292 a factor of 8198281?
False
Is 39425 a multiple of 19?
True
Is 55 a factor of 78126?
False
Does 122 divide 522770?
True
Does 12 divide 5814096?
True
Is 8 a factor of 1378154?
False
Does 25 divide 2551298?
False
Is 2961 a factor of 12933648?
True
Is 2679 a multiple of 134?
False
Is 15 a factor of 280139?
False
Does 174 divide 595602?
True
Is 198 a factor of 3627462?
False
Is 10 a factor of 2960123?
False
Does 17 divide 10946878?
True
Is 725 a factor of 738775?
True
Is 11 a factor of 94163?
False
Is 12 a factor of 230652?
True
Is 4179114 a multiple of 81?
True
Is 1248 a factor of 4638816?
True
Is 92 a factor of 355657?
False
Does 35 divide 146688?
False
Does 401 divide 1387904?
False
Is 1986915 a multiple of 104?
False
Is 11023 a multiple of 73?
True
Is 15 a factor of 189060?
True
Is 44 a factor of 2464?
True
Is 514517 a multiple of 163?
False
Is 18 a factor of 1622052?
True
Does 22 divide 171776?
True
Is 24 a factor of 164736?
True
Is 2715911 a multiple of 407?
True
Does 8 divide 5267352?
True
Is 310110 a multiple of 10?
True
Is 595542 a multiple of 77?
False
Is 40848 a multiple of 148?
True
Is 155334 a multiple of 101?
False
Is 19 a factor of 413725?
True
Is 26 a factor of 40014?
True
Is 661661 a multiple of 81?
False
Does 48 divide 53664?
True
Does 11 divide 80369?
False
Is 99165 a multiple of 165?
True
Does 19 divide 368163?
True
Is 846827 a multiple of 463?
True
Is 71 a factor of 2031529?
False
Is 998865 a multiple of 441?
True
Is 35 a factor of 445316?
False
Is 185240 a multiple of 7?
False
Is 299 a factor of 1576515?
False
Is 295893 a multiple of 874?
False
Does 37 divide 392163?
True
Does 60 divide 3505500?
True
Is 9279246 a multiple of 67?
False
Is 4370210 a multiple of 65?
True
Is 21976902 a multiple of 246?
True
Does 14 divide 40457?
False
Does 48 divide 2115408?
True
Is 14 a factor of 1199644?
False
Is 113 a factor of 16054362?
True
Is 558172 a multiple of 94?
True
Is 34 a factor of 20261?
False
Is 1675 a multiple of 16?
False
Is 40739 a multiple of 11?
False
Does 5 divide 2399655?
True
Is 403 a factor of 2260830?
True
Is 946829 a multiple of 173?
True
Is 365351 a multiple of 19?
True
Is 342324 a multiple of 111?
True
Is 253455 a multiple of 338?
False
Is 206 a factor of 167066?
True
Does 15 divide 1918800?
True
Is 118913 a multiple of 39?
False
Is 29794 a multiple of 5?
False
Is 219 a factor of 13998098?
False
Is 47 a factor of 66054?
False
Is 703231 a multiple of 343?
False
Is 56 a factor of 604901?
False
Is 22066 a multiple of 22?
True
Is 481438 a multiple of 6?
False
Is 2473067 a multiple of 676?
False
Is 1713 a factor of 1958244?
False
Is 76 a factor of 541652?
True
Is 6740203 a multiple of 137?
False
Is 143 a factor of 4553253?
False
Is 243608 a multiple of 39?
False
Is 90 a factor of 11420370?
True
Is 324032 a multiple of 64?
True
Is 81 a factor of 216513?
True
Is 16328924 a multiple of 434?
False
Does 4 divide 36718?
False
Does 435 divide 1803075?
True
Does 2